Suppose -3*x - 5*t - 1 = -0, 4*t + 2 = -2*x. Suppose -x*b = -1 - 8. Calculate f(b).
-2
Let v(q) = 3*q + 21. Let j be v(-8). Let u(a) = -a**3 + 0*a**3 + 14*a - 12*a + 2 - 4*a**2. Calculate u(j).
-13
Let p(i) = -14*i**3 + 23*i**2 + 14*i - 26. Let q(o) = -5*o**3 + 8*o**2 + 5*o - 9. Let b(v) = -6*p(v) + 17*q(v). Calculate b(-3).
9
Let z(a) = -2*a - 5. Suppose 8*v - 5*v + 21 = 0. Determine z(v).
9
Let c(r) = 0*r**2 + 7*r**2 - 2*r**2. What is c(1)?
5
Suppose s + 2*i = -10, -12 = -2*i + 5*i. Let u = s + 3. Let o(j) be the third derivative of -j**6/24 + j**5/60 - j**4/24 - j**2. Determine o(u).
-5
Let g = 6 + -8. Let y be (-3)/3 + g - 1. Let r(w) = 5 - 2*w + w + 3*w. What is r(y)?
-3
Let z be (-6)/(-21) - 52/(-14). Let c(w) = -w**2 + 7*w + 2. What is c(z)?
14
Let r(x) be the third derivative of -x**5/20 + x**4/24 + 7*x**2. Determine r(2).
-10
Let u(b) = b - 1. Suppose 2*l + 0*l + 8 = -5*k, l - k - 10 = 0. Determine u(l).
5
Let b = -9 - -13. Let r(l) be the first derivative of -4 + 1/2*l**2 + l. Determine r(b).
5
Let s(g) = -g**3 + 4*g**2 + 3*g + 7. Let l(f) = -f**3 + 8*f**2 - 7*f - 2. Let c be l(7). Let o be 1/(0 - -1)*c. Let v be (o/(-4))/((-1)/(-10)). Give s(v).
-3
Let f(d) = d**2 + d. Let b be (-3)/(3 - (2 + 0)). Let j be b - -2 - (-2 - -1). Determine f(j).
0
Let k(j) = 5*j**2 - 6*j + 9. Let m(z) = -z**2 - 1. Let l(y) = -k(y) - 4*m(y). Let p(f) = -f**2 - 3*f + 2. Let o be p(-2). What is l(o)?
3
Let y(k) = -k**2 + 1. Let o(a) = -a**3 + 8*a**2 + a - 9. Let s be o(8). Let r(p) = 5*p**2 + 5*p - 1. Let u(w) = s*r(w) - 3*y(w). Determine u(-3).
-5
Let k(h) = -3*h**3 + 8*h**2 + 3*h + 2. Let z(b) = b**3 - 3*b**2 - b - 1. Let q(u) = -4*k(u) - 11*z(u). Determine q(0).
3
Let v(y) = -y + 9. Let f(s) = s**2 - 3*s - 32. Let z be f(-5). What is v(z)?
1
Let q(o) = o**3 - 8*o**2 + 10*o - 1. Let n(v) = v**2 - v. Let r(f) = 6*n(f) + q(f). Calculate r(3).
20
Let r(b) = 15 + b - 19 + 4*b + b**2. Calculate r(-6).
2
Let g(l) = l - 10. Let o be g(2). Let b(t) = -t**2 - 8*t + 3. What is b(o)?
3
Let k(w) = w + 5. Suppose 8*h + 21 = 5*h. Calculate k(h).
-2
Let z = 107 - 33. Let g(i) = 74 - z + 5*i + i**2. Determine g(-4).
-4
Let i(q) be the second derivative of q**4/12 - q**3/6 - q**2 + 3*q. Let h be i(3). Let c(m) = -2*m**2 + 7*m - 6. Give c(h).
-10
Let m(y) = -y**3 + 5*y**2 - 2*y - 5. Let f(j) = -6*j + 1. Let o(s) = -5*s + 1. Let l(d) = -6*f(d) + 7*o(d). Let c(b) = -2*l(b) - m(b). What is c(5)?
3
Let j(b) = -b**3 + 3*b**2 - 2*b + 2. Let v be j(2). Let r be 2*1*20/8. Let u(l) = 1 + 2*l - 6*l**v + l**3 + r*l - 4. What is u(5)?
7
Suppose 0*b = -3*b + 45. Let q be (-6)/b - 4/(-10). Let w = q - -3. Let k(n) = -n**2. What is k(w)?
-9
Let l(r) = -r**2 + 3*r - 2. Let i(h) = h + 11. Let b be i(-7). Determine l(b).
-6
Let j(l) = l**2 - 5*l + 4. Let a be j(6). Suppose 5*m + 20 = a*m. Let b(c) = -3*c - 5. Calculate b(m).
-17
Let p be (5*(1 - 2))/(-3 - -2). Let s(w) = w**2 - 3*w - 5. Determine s(p).
5
Suppose -3*y = -y - 8. Suppose 3 = -3*l, y*z = 3*z + 4*l + 12. Let g be ((-4)/z)/(2/12). Let n(a) = -a**2 - 2*a - 3. What is n(g)?
-6
Let h = 20 + -18. Let c(v) = v**2 - 6*v - 1. Let k be c(6). Let z = k + h. Let g(w) = 3*w + 1. Calculate g(z).
4
Let b(a) = a**3 + a**2 + 10*a - 1. Let u(v) = -v**3 - 11*v + 2. Let k(i) = 5*b(i) + 4*u(i). Give k(-4).
-5
Let m(w) = -w**2 + w + 1. Let j be 1 + (2 - 0 - 4). Let h(q) = -3*q**2 - q. Let p be h(j). Let a(i) = i**2 + 2*i - 2. Let b be a(p). Give m(b).
-5
Let r = -6 - -3. Let b be 18/4 - r/(-2). Suppose -b*l = -2*l. Let m(w) = w + 5. Give m(l).
5
Let o(u) = -4*u + 5. Let g(l) = l - 1. Let k(p) = -3*g(p) - o(p). What is k(0)?
-2
Let n(p) = p**2 - p + 10. Suppose 3*o = 5*o - 2. Let r = 1 - o. Determine n(r).
10
Let n(o) = o + 1. Let m(y) = y**2 + 6*y - 4. Let z be m(-6). Let d(b) = -5*b - 6. Let l be d(z). Suppose -l + 4 = 2*j. Give n(j).
-4
Let x(m) = m - 3. Let d(h) = h. Let o(b) = 5*d(b) - x(b). Let v be (-1 - 6/(-4))*-4. Determine o(v).
-5
Suppose -k = 5*y, y = 6*k - 2*k - 21. Let f(b) = b - 12. Give f(k).
-7
Let f = 7 + -5. Let g(o) = 4*o. Let a(k) = -3*k. Let i(u) = 3*a(u) + 2*g(u). Calculate i(f).
-2
Suppose -3*a + 3 = -3. Let p(f) = -f**2 + 6*f + 5*f - a*f - 6. Give p(6).
12
Let u(v) = v - 4. Let n be u(5). Let q(t) = t**2 + 3*t + 1. Let c(l) = -3*l**2 - 5*l - 2. Let h(i) = -4*c(i) - 7*q(i). Calculate h(n).
5
Let g(n) be the second derivative of n**5/20 + n**4/2 - n**3/3 - 4*n**2 + 3*n - 7. What is g(-6)?
4
Let w = 0 - 0. Let h = -3 + 5. Let n(f) = f - 3*f**2 + 4 - f**h + 5*f**2. What is n(w)?
4
Let a(i) be the first derivative of i**4/2 - i**2/2 - 2*i - 22. Determine a(-2).
-16
Let w(b) be the third derivative of -b**6/120 + b**5/15 + b**4/12 - b**3 + 9*b**2. What is w(4)?
2
Let v(m) = -6*m + 10. Let t(n) = -n**3 + n**2 + n - 2. Let d be t(2). Let j(h) = -5*h + 9. Let w(q) = d*v(q) + 5*j(q). What is w(5)?
0
Let m(s) = -28*s + 1. Let z be m(-1). Let p(d) = -30*d**2 + 4 - 3*d - d + z*d**2. What is p(-4)?
4
Let x be (-2)/2 - 6/(-6). Suppose -7 = -w - k, x*k + 4*k - 20 = -2*w. Suppose 2*p + 2*p - w = 0. Let i(n) = 5*n + 1. Determine i(p).
6
Suppose -c = -4*q - q + 2, 0 = -2*c - 2*q + 8. Let s(j) = -j**2 + 7*j**3 - 4*j**c - 2*j**3. Determine s(0).
0
Let a(s) = -3*s + 3 + 3*s**2 - 2*s**2 - 4*s. Suppose 0 = 15*f - 12*f - 12. Calculate a(f).
-9
Let l(m) be the first derivative of -m**7/840 + m**6/90 - m**5/120 - 8*m**3/3 - 6. Let w(v) be the third derivative of l(v). Calculate w(3).
6
Let r(f) = f**2 + f - 7. Suppose -4 = -4*i, o + 2*i - 8 = -3. Let h(u) = u**o - 8*u**2 - 7*u + 0*u**2 - 5*u - 3*u**2. Let g be h(12). What is r(g)?
-7
Let u(w) = -w**2 + 36*w**3 + w - 41*w**3 + w**2 - 1 + w**2. Determine u(1).
-4
Let r = -8 + 10. Let t(v) = -3*v**2 - v - v + 0*v**2 - v**3 - 3 - v**r. Suppose -2*x - 10 - 1 = -m, 5*x + 4*m + 8 = 0. Give t(x).
5
Let v(q) = q - 6. Let i be 12/8 + (-9)/6. Give v(i).
-6
Suppose 2*q + 3 = -3. Let o be (0 - -4)*q/(-4). Let a(p) = -p - o*p + 1 - 2. Calculate a(-1).
3
Let i be 0/((-2)/(3 + -1)). Let t(g) = -9 + g**2 - 3*g + 4*g - 2 - 2*g. Give t(i).
-11
Let x(w) = 7*w**2 - w. Let n(p) = p - 8. Let c be n(9). Let s be 4 - (c - -2) - 2. Give x(s).
8
Let y = 3 - 4. Let a = 2 + y. Let w(h) = 5*h - 1 - 2 + a - h**2. Calculate w(4).
2
Suppose 12 = 3*o + o. Let m(n) = -5*n**3 + 4*n**2 - 7*n + 2. Let v(p) = -6*p**3 + 4*p**2 - 8*p + 3. Let h(k) = 5*m(k) - 4*v(k). Calculate h(o).
-2
Let t(u) be the first derivative of u**4/4 - 2*u**3/3 + u**2 - 4*u - 22. Calculate t(3).
11
Let w(j) = 4*j**3 - j**2 - j + 1. Let y be w(1). Let a(p) = y*p - p - 1 + 2. What is a(5)?
11
Let y(f) = -f + 1. Let z be (1/(-2))/1*0. Suppose -x - x = -5*o + 18, o - x - 3 = z. Determine y(o).
-3
Let g(h) = -h + 2. Let j be g(0). Suppose -j*l = -3*l + 5. Let y(p) = l*p - p**2 - 4*p + p**3 + 0*p**2. Calculate y(0).
0
Let u(x) be the second derivative of x**3/6 + 3*x**2/2 + 6*x. What is u(-4)?
-1
Let o = 4 + 1. Let x = o + 0. Suppose -17 = -x*q + 3. Let s(u) = u**3 - 3*u**2 - 3*u - 1. Determine s(q).
3
Let a(p) = 7*p**2 + 5*p - 5. Let n(l) = -3*l**2 - 3*l + 2. Let r(q) = 2*a(q) + 5*n(q). Let h be r(-6). Let f(d) = -d**3 - 5*d**2 + 6*d - 1. Give f(h).
-1
Let a(i) = -2*i**3 - 2*i**2 - 3*i - 6. Let k(n) = -5*n**3 - 5*n**2 - 8*n - 17. Let z(f) = -8*a(f) + 3*k(f). Determine z(0).
-3
Let y(j) be the second derivative of -j**3/3 - 3*j. Let l(h) = -2*h**2 - 3 - 2*h**2 - 8*h + 5*h**2. Let r be l(8). What is y(r)?
6
Let n(f) be the third derivative of -f**7/420 - f**3/3 + f**2. Let g(t) be the first derivative of n(t). Calculate g(-1).
2
Let x = -46 + 47. Let j(l) = -7*l**2 - 1. Give j(x).
-8
Let v be 3/(-9) + (-22)/6. Let u(n) = n**3 + 5*n**2 + 4*n. Determine u(v).
0
Let d(n) be the third derivative of -n**7/840 + n**6/180 + n**4/24 + 2*n**3/3 + 3*n**2. Let w(s) be the first derivative of d(s). What is w(2)?
1
Let l(s) = s**2 - 4*s - 7. Suppose -n + 14 = 9. What is l(n)?
-2
Let v(c) = -4*c**2 + 6*c + 11. Let p(h) = -3*h**2 + 6*h + 10. Let m(d) = -5*p(d) + 4*v(d). Calculate m(-6).
-6
Let w be 12/(-42) + 116/14. Let h(v) = 3*v + 2*v - w*v - 4 + v. Suppose 4*f - z = 2*z - 27, -3*f = z + 4. Determine h(f).
2
Let b(p) = 0*p + 4*p + p**3 - 143*p**2 + 148*p**2 - 1. Determine b(-3).
5
Let c(b) be the second derivative of -b**5/20 - b**3/6 - 3*b**2/2 - 13*b. What is c(0)?
-3
Suppose 